738
Calculate the greatest common factor of 20170257 and 1074.
537
What is the greatest common factor of 1610035770 and 9814?
9814
Calculate the highest common divisor of 76858 and 28108730.
926
What is the highest common factor of 67776639 and 21?
21
Calculate the highest common divisor of 43990 and 1220100.
830
What is the highest common divisor of 44805910 and 10?
10
What is the highest common divisor of 87 and 36068750?
29
What is the greatest common factor of 544 and 9639459?
17
Calculate the highest common factor of 4805026 and 115966.
5042
Calculate the greatest common factor of 88963 and 8594327.
1253
Calculate the highest common factor of 1970 and 315285.
5
Calculate the highest common factor of 5336 and 14373.
1
What is the greatest common factor of 945 and 6152319?
9
What is the greatest common factor of 6989 and 3712?
29
Calculate the greatest common factor of 72912 and 563766.
1302
What is the greatest common factor of 1890648 and 10152?
216
What is the greatest common divisor of 97 and 515683?
1
What is the greatest common divisor of 105 and 23580445?
35
What is the greatest common divisor of 192404 and 84872?
412
What is the greatest common factor of 122 and 40747634?
122
What is the highest common factor of 3038 and 1737302?
434
What is the highest common factor of 2561569 and 58592?
1831
What is the highest common factor of 304 and 7713392?
304
What is the highest common factor of 1448577 and 1053?
351
What is the highest common factor of 352316500 and 54502?
7786
What is the greatest common factor of 452 and 120918362?
226
What is the highest common factor of 237931 and 5725?
229
Calculate the highest common divisor of 24490 and 25797766.
4898
What is the greatest common divisor of 16 and 17586916?
4
What is the highest common divisor of 88144581 and 441?
147
Calculate the highest common factor of 1656 and 884649.
69
Calculate the greatest common factor of 135136554 and 12.
6
What is the highest common divisor of 504 and 7667688?
168
What is the greatest common factor of 82437109 and 1212?
101
Calculate the greatest common divisor of 311374 and 8319101.
6769
What is the greatest common factor of 6320 and 1812806680?
3160
Calculate the greatest common factor of 8820567 and 63.
63
Calculate the greatest common factor of 3328 and 127998.
26
What is the greatest common factor of 100 and 60753780?
20
What is the greatest common divisor of 65097726 and 5505?
1101
Calculate the highest common factor of 322 and 76612356.
46
Calculate the greatest common factor of 142457761 and 89.
89
Calculate the greatest common divisor of 62599 and 6913476.
1061
What is the greatest common factor of 12508608 and 2184?
168
What is the greatest common factor of 1699615 and 18971?
311
What is the highest common divisor of 5139 and 634986831?
1713
What is the highest common factor of 6526257 and 2188?
547
What is the greatest common divisor of 5724 and 383932?
212
Calculate the highest common factor of 3179155 and 635.
5
Calculate the greatest common factor of 520 and 2282059.
13
Calculate the greatest common factor of 7214596 and 52.
4
What is the highest common factor of 1614 and 4468628?
538
What is the greatest common divisor of 272646 and 73117?
187
Calculate the greatest common factor of 947989 and 623.
7
Calculate the highest common divisor of 141195127 and 53.
53
Calculate the greatest common factor of 26899306 and 7.
7
Calculate the highest common factor of 12813444 and 16660.
476
What is the highest common divisor of 14094 and 15901686?
522
Calculate the greatest common factor of 269640 and 1372168.
5992
What is the greatest common divisor of 31705 and 304266544?
6341
Calculate the greatest common divisor of 30659332 and 1342.
1342
Calculate the highest common divisor of 262926870 and 390.
30
What is the highest common factor of 1478883179 and 124?
31
What is the greatest common factor of 368226 and 240?
6
What is the greatest common factor of 3479 and 6398662?
71
What is the highest common divisor of 194 and 19932821?
97
What is the greatest common factor of 60496 and 99142?
38
What is the highest common divisor of 7310460 and 12?
12
What is the greatest common divisor of 1056387 and 51393?
111
What is the greatest common factor of 365 and 36971945?
365
Calculate the greatest common factor of 18 and 776195118.
18
Calculate the greatest common divisor of 627170579 and 1581.
527
What is the highest common divisor of 59274399 and 2493?
831
What is the greatest common divisor of 189112068 and 117?
9
Calculate the greatest common divisor of 182250 and 286625.
125
Calculate the greatest common divisor of 1215 and 153470.
5
What is the greatest common divisor of 67984 and 809816?
56
What is the highest common divisor of 30 and 51575170?
10
What is the greatest common factor of 21460334 and 29302?
2254
Calculate the highest common divisor of 287 and 25966612.
287
Calculate the highest common divisor of 47950 and 55937100.
6850
What is the highest common factor of 602151 and 44975?
257
What is the greatest common factor of 195190952 and 6688?
1672
Calculate the highest common factor of 404780218 and 179.
179
Calculate the greatest common factor of 1254545552 and 16.
16
Calculate the highest common divisor of 2730 and 3571022.
182
Calculate the greatest common factor of 492 and 47516622.
246
Calculate the greatest common factor of 5764 and 8769926.
2882
Calculate the greatest common divisor of 68977 and 47816056.
2999
What is the highest common factor of 81454 and 2289886?
278
Calculate the highest common divisor of 1910630880 and 855.
855
Calculate the greatest common divisor of 153 and 106288947.
153
What is the highest common divisor of 75292294 and 319?
319
What is the highest common factor of 2 and 58017856?
2
Calculate the highest common divisor of 7298940 and 2871.
33
Calculate the greatest common factor of 149 and 243699483.
149
What is the highest common divisor of 33651 and 5706?
9
What is the greatest common divisor of 306850 and 302005?
1615
Calculate the greatest common divisor of 60 and 1498305.
15
Calculate the greatest common divisor of 204 and 141415146.
102
Calculate the highest common divisor of 3066 and 211848.
42
Calculate the greatest common divisor of 1498 and 504951083.
749
Calculate the greatest common divisor of 387 and 383958.
9
What is the highest common divisor of 30866868 and 36?
36
Calculate the highest common factor of 80 and 43973168.
16
What is the highest common factor of 273492 and 593276?
284
What is the highest common divisor of 494948434 and 1622?
1622
What is the greatest common divisor of 88075712 and 372?
124
Calculate the highest common factor of 4698978 and 134.
134
Calculate the highest common factor of 3 and 26675419.
1
What is the greatest common factor of 5841 and 557502?
33
What is the highest common factor of 1134 and 17607618?
1134
Calculate the highest common factor of 1623222 and 4588.
62
What is the highest common factor of 127 and 321717797?
127
Calculate the greatest common divisor of 12133426 and 2784.
58
What is the greatest common divisor of 45347 and 139?
1
Calculate the highest common divisor of 2789947 and 5427.
67
What is the greatest common divisor of 73800 and 4343868?
1476
What is the highest common divisor of 27575 and 401725?
25
Calculate the highest common divisor of 47404015 and 16775.
305
Calculate the highest common divisor of 4170 and 13648966.
278
What is the highest common divisor of 53537 and 1243?
11
Calculate the highest common divisor of 1 and 16333129.
1
Calculate the highest common divisor of 56 and 63946771.
7
Calculate the highest common factor of 284 and 86997294.
142
What is the greatest common factor of 9078 and 607603?
89
Calculate the highest common divisor of 1361861 and 3131.
31
What is the greatest common factor of 257728528 and 48496?
6928
What is the greatest common divisor of 253110 and 1677819?
429
What is the highest common factor of 6894588 and 510?
102
What is the greatest common divisor of 243414991 and 5631?
1877
What is the highest common factor of 47850 and 621654?
66
Calculate the highest common factor of 410865156 and 12.
12
What is the highest common factor of 26678133 and 212?
53
What is the greatest common divisor of 1501 and 154736?
19
Calc